ate j(-19).
-3
Let j(g) = 2*g**2 - 48*g - 307. Determine j(-6).
53
Let b(f) = 75189*f - 75197. What is b(1)?
-8
Let z(i) = -94*i**3 + 1597*i**2 - 27*i - 137. Give z(17).
-885
Let n(b) = 277*b**2 + 3257*b + 9223. Determine n(-7).
-3
Let q(t) = t**3 + 36*t**2 - 1950*t - 772. What is q(-66)?
-2752
Let a(t) = 4*t**3 + 345*t**2 + 40*t - 3735. What is a(-86)?
221
Let f(j) = 2*j**2 - 404*j + 7167. Give f(179).
-1067
Let r(a) = -2*a**3 - 25*a**2 + 202*a + 475. Calculate r(-19).
1330
Let l(c) = c**3 - 207*c**2 + 1770*c + 2387. What is l(198)?
11
Let q(o) = 11*o**3 + 121*o**2 + 3*o + 24. What is q(-11)?
-9
Let a(n) = -17*n**2 - 2914*n + 1763. Calculate a(-172).
43
Let r(d) = 129*d**3 - 5*d**2 - 30*d + 146. Give r(3).
3494
Let p(a) = -705*a + 4618. What is p(8)?
-1022
Let q(s) = 5*s**3 - 2398*s**2 - 1383*s + 203045. Determine q(480).
5
Let g(o) = 67212*o - 134411. Determine g(2).
13
Let z(b) = -5*b**3 - 1330*b**2 + 3*b + 1292. Determine z(-266).
494
Let t(i) = i**3 + 112*i**2 - 242*i + 11821. What is t(-115)?
-24
Let z(o) = 66562*o + 1331245. Give z(-20).
5
Let i(a) = -a**3 + 173*a**2 - 185*a + 2011. Calculate i(172).
-225
Let o(g) = g**2 + 1733*g - 352720. What is o(184)?
8
Let l(b) = -198*b**2 + 241*b + 2197. Give l(4).
-7
Let y(q) = -2*q**3 - 271*q**2 - 1676*q - 368. Calculate y(-129).
-497
Let m(i) = 2*i + 216. Give m(73).
362
Let n(q) = -q**2 + 41*q - 791. Calculate n(51).
-1301
Let b(s) = 4*s**3 + 1883*s**2 - 302*s + 79605. Calculate b(-471).
6
Let y(q) = -2788*q - 1081724. Determine y(-388).
20
Let w(u) = 388*u - 43501. What is w(102)?
-3925
Let y(t) = 7*t**2 - 33846*t + 472473. Determine y(14).
1
Let l(p) = -20464*p - 163946. Calculate l(-8).
-234
Let s(n) = 7493*n + 7650. Calculate s(-1).
157
Let s(h) = 2*h**3 - 4*h**2 - 97*h + 14. Calculate s(-8).
-490
Let k(d) = 401*d - 2856. Determine k(7).
-49
Let k(u) = -2*u**3 + 526*u**2 + 12532*u + 2212. Give k(285).
-68
Let c(p) = 774*p - 6975. What is c(9)?
-9
Let g(b) = 2*b**2 - 79*b + 169. Give g(19).
-610
Let y(w) = 4*w**2 + 307*w - 418. Calculate y(-80).
622
Let m(c) = c**3 + 35*c**2 + 32*c - 266. Determine m(-31).
2586
Let a(n) = 3804*n - 145817. Determine a(38).
-1265
Let r(i) = -831*i + 64834. What is r(78)?
16
Let w(o) = 7*o**3 - 1163*o**2 + 163*o + 753. Give w(166).
255
Let t(s) = -4053*s - 8116. Determine t(-2).
-10
Let s(m) = -948*m - 130849. Determine s(-138).
-25
Let z(q) = q**2 + 84*q - 17288. Determine z(98).
548
Let r(h) = 94*h + 1446. Determine r(-13).
224
Let b(o) = -26472*o - 979466. What is b(-37)?
-2
Let x(u) = 171*u**2 - 132181*u - 1576. What is x(773)?
-30
Let z(x) = 281*x**2 + 3710*x - 3145. What is z(-14)?
-9
Let c(z) = -5*z**3 - 346*z**2 - 616*z - 14111. What is c(-68)?
33
Let r(a) = 320*a**2 + 23398*a + 2652. What is r(-73)?
-122
Let a(b) = b**3 - b**2 - 752*b + 6. Give a(0).
6
Let b(g) = -14*g - 157. Calculate b(49).
-843
Let k(y) = 15*y**2 + 4745*y + 76323. Determine k(-17).
-7
Let q(v) = -428*v + 28691. What is q(67)?
15
Let s(y) = -8*y**2 + 502*y - 8755. Calculate s(20).
-1915
Let r(a) = 236*a**2 + 107*a + 122. Give r(-3).
1925
Let o(t) = 170*t - 3122. Give o(3).
-2612
Let h(z) = -2566*z**2 + 372071*z - 213. What is h(145)?
-68
Let m(g) = 19379*g + 116216. What is m(-6)?
-58
Let n(f) = 14*f**3 - 16*f**2 + 76*f - 77. Determine n(4).
867
Let w(y) = y**2 + 52*y - 49831. What is w(197)?
-778
Let i(z) = -2*z**3 - 441*z**2 - 6214*z - 745. Calculate i(-15).
-10
Let t(r) = -98*r + 8766. Give t(87).
240
Let m(r) = 146*r**2 + 71*r - 19. What is m(-1)?
56
Let m(z) = -18*z**3 + 307*z**2 + 52*z - 979. Determine m(17).
194
Let o(v) = -v**3 + 9*v**2 - 536*v + 4644. What is o(9)?
-180
Let z(m) = -2*m**3 + 569*m**2 - 14136*m + 240. Determine z(257).
-17
Let r(n) = n**3 - 27*n**2 - 173*n + 36. Determine r(32).
-380
Let d(n) = -n**3 + 20*n**2 - 52*n + 1681. Calculate d(21).
148
Let z(i) = -82*i**2 + 21*i - 62. What is z(6)?
-2888
Let g(m) = m**2 - 287*m + 22753. Determine g(149).
2191
Let z(j) = -38*j + 1054. Calculate z(33).
-200
Let o(v) = -2*v**3 - 103*v**2 + 60*v + 186. What is o(-52)?
-230
Let o(g) = 2*g**3 - 153*g**2 + 2389*g + 167. What is o(22)?
-31
Let s(d) = -d**3 - 22*d**2 - 145*d - 955. What is s(-18)?
359
Let x(l) = 975*l - 229176. Determine x(235).
-51
Let n(x) = 3*x**2 - 4834*x - 53598. Give n(-11).
-61
Let m(w) = 27*w**2 - 782*w + 2691. What is m(4)?
-5
Let n(m) = -2*m**3 - 167*m**2 + 47*m - 2708. What is n(-84)?
400
Let o(d) = 300*d**3 - 2066*d**2 - 257*d + 95. What is o(7)?
-38
Let x(j) = 98*j - 11157. Give x(114).
15
Let y(t) = 120*t - 4769. Calculate y(48).
991
Let x(r) = -25*r**2 - 2979*r + 26698. Determine x(9).
-2138
Let x(s) = s**3 + 33*s**2 + 246*s + 10976. Calculate x(-35).
-84
Let k(u) = -2*u**3 + 70*u**2 + 793*u - 11. What is k(44)?
33
Let q(u) = -43*u**3 - 162*u**2 - 76*u - 3. What is q(-3)?
-72
Let a(f) = -3*f**3 + 12*f**2 + 974*f. Determine a(0).
0
Let x(q) = -q**3 + 49*q**2 - 625*q + 569. Determine x(22).
-113
Let g(f) = 453598*f - 907170. Calculate g(2).
26
Let g(n) = 5*n**2 + 256*n - 2550. Give g(9).
159
Let q(y) = -925146*y + 3700616. Calculate q(4).
32
Let m(s) = 13*s**2 - 25498*s + 76487. What is m(3)?
110
Let g(u) = 3*u**2 + 57653*u - 403559. Give g(7).
159
Let s(z) = -15*z**3 - 26*z**2 - 132*z - 181. Give s(-3).
386
Let x(a) = a**2 - 1347*a - 10777. What is x(-8)?
63
Let a(g) = 6704*g + 46960. What is a(-7)?
32
Let d(x) = -380*x - 6893. Determine d(-15).
-1193
Let r(m) = -5*m**3 - 10*m**2 + 89*m - 11. Determine r(6).
-917
Let x(w) = 192*w + 43604. Give x(-227).
20
Let p(n) = -3*n**3 + 15*n**2 + 127*n - 604. Calculate p(4).
-48
Let h(n) = -3502*n + 1964592. Calculate h(561).
-30
Let d(k) = 19*k**3 - 74*k**2 - 4771*k + 19062. What is d(4)?
10
Let m(b) = 874*b - 114492. Determine m(131).
2
Let m(t) = -2*t**3 + 206*t**2 + 1523*t - 136756. Calculate m(104).
4
Let o(s) = 997*s - 59832. Determine o(60).
-12
Let f(c) = c**3 - 18*c**2 + 738*c - 4743. Give f(7).
-116
Let h(n) = -166*n - 1860. Calculate h(-13).
298
Let m(p) = 7*p**3 + 12678*p**2 + 1854*p + 77863. Calculate m(-1811).
-10
Let p(t) = -4*t**3 - 596*t**2 - 10*t - 1488. Calculate p(-149).
2
Let v(z) = 160*z**2 - 583*z - 1161. Calculate v(-2).
645
Let g(n) = 793*n**2 - 156*n - 140. Determine g(-1).
809
Let b(y) = 10*y**3 - 63*y + 266. Determine b(5).
1201
Let n(g) = -28*g**2 + 15924*g - 11390. Calculate n(568).
-30
Let k(v) = v**2 + 98*v - 1376. Give k(-111).
67
Let o(i) = -8*i**2 + 431*i - 54. Give o(52).
726
Let l(q) = -11*q**3 + 79*q**2 - 221*q + 1495. Calculate l(7).
46
Let n(g) = 8*g**3 - 13*g**2 + 122*g - 342. Calculate n(4).
450
Let f(z) = 122832*z**2 + 614175*z + 81. Give f(-5).
6
Let m(x) = x**3 - 33*x**2 - 245*x + 8686. Determine m(32).
-178
Let q(s) = 328*s + 63577. Give q(-194).
-55
Let u(x) = 24406*x + 780991. Give u(-32).
-1
Let r(y) = y**3 - 2712*y**2 + 7638*y - 6010775. Determine r(2710).
5
Let k(l) = 46385*l + 11967345. Calculate k(-258).
15
Let l(p) = -11*p**3 + 24*p**2 - 22*p + 112. Determine l(4).
-296
Let q(l) = -324178*l + 3565961. Calculate q(11).
3
Let w(i) = 20*i**2 - 159*i + 1812. Calculate w(14).
3506
Let s(h) = 73*h + 2440. Calculate s(-38).
-334
Let f(x) = -x**3 + 2*x**2 + 1101*x - 433. Give f(0).
-433
Let h(r) = 67*r + 2901. What is h(-43)?
20
Let g(q) = 7*q**2 - 303*q - 23. What is g(41)?
-679
Let w(z) = -3*z**3 + 481*z**2 + 3441*z + 30. Calculate w(-7).
541
Let i(q) = -2617*q + 68183. Calculate i(26).
141
Let c(j) = -j**3 + 59*j**2 - 3*j + 203. Determine c(59).
26
Let h(a) = 92*a**2 + 723*a - 836. Calculate h(1).
-21
Let x(j) = -j**3 + 508*j**2 + 9468*j + 8. Give x(-18).
8
Let v(l) = -l**3 - 456*l**2 + 1372*l - 2290. Give v(-459).
5
Let k(i) = i**2 + 814*i + 18187. Determine k(-791).
-6
Let d(n) = -315*n + 15346. Calculate d(49).
-89
Let k(s) = -s**3 - 578*s**2 - 12764*s + 548. Calculate k(-555).
-7
Let v(p) = 2*p**2 - 4413*p - 48857. Determine v(-11).
-72
Let f(i) = -3117*i - 23718. Give f(-8).
1218
Let q(k) = -5*k**3 - 304*k**2 + 390*k + 1107. Calculate q(-62).
-9
Let k(b) = -1325*b**2 - 329922*b + 750. What is k(-249)?
3
Let y(k) = 4*k**2 + 218*k - 3845. What is y(14)?
-9
Let v(b) = -10*b**2 + 499*b + 2550. What is v(-5)?
-195
Let q(v) = -22*v**3 + 6*v**2 + 22*v + 36. Determine q(-3).
618
Let k(j) = -j**2 - 98*j - 1499. Give k(-66).
613
Let x(l) = 9*l**2 - 518*l + 